l = 12007 + -11979. Calculate the remainder when 2 + (-97)/(-1) + 1 is divided by l.
16
Let d = 618 + -585. Calculate the remainder when 24/180 - (-2)/((-60)/(-3386)) is divided by d.
14
Suppose -4*a = a - 8*a. Suppose -5*u - 12 = 2*g - 85, a = -4*u + 4. Calculate the remainder when 48 is divided by g.
14
Let q(v) = 2*v**2 + 16*v - 82. Let m = 422 - 413. Calculate the remainder when q(m) is divided by 25.
24
Let d(h) = 51*h**3 - 315*h**2 + 11*h + 17. What is the remainder when d(7) is divided by 179?
4
Let h(t) = 3*t**2 - 204*t + 479. What is the remainder when h(70) is divided by 15?
14
Let r(f) = 8*f**2 - 3*f + 2. Let v be 96/(-42) + 3 - (-6)/21. Calculate the remainder when 74 is divided by r(v).
4
Suppose 0*d - 41*d - 22*d + 3591 = 0. Let o = 211 + 73. Calculate the remainder when o is divided by d.
56
Let g be 136 + -4 + 2 + -2. Let l = g + -71. Suppose 2*f - 38 = q, 3*f - l = q - 4. Calculate the remainder when 54 is divided by f.
16
Suppose -5*r = 12*p - 16*p + 2, r - 2 = 0. Suppose 0 = -p*k - 12 + 60. What is the remainder when k is divided by 3?
1
Let q = -460 - -172. Let f = q - -110. What is the remainder when 8/36 + f/(-9) is divided by 7?
6
Let d be (-6)/(-27) + 260/45 + -3. Suppose -5*r - 8*b = -9*b - 58, 54 = 5*r - d*b. Calculate the remainder when 32 is divided by r.
8
Let j(g) = 230*g**2 - 20*g - 112*g**2 - 5 - 101 - 111*g**2. What is the remainder when j(-5) is divided by 19?
17
Let m be (2/(-1) + 1)*(-339 + 8). Let b = m - 294. Calculate the remainder when b is divided by 120/9 + 2/3.
9
Suppose -333*o + 329*o - 6*b = 0, 68 = 3*o - 4*b. What is the remainder when 1530 is divided by o?
6
Let i = -176 - -246. Suppose l + l = i. What is the remainder when l is divided by 21 + -3*(-4 + (-13)/(-3))?
15
What is the remainder when 70/(-20)*(-18)/(-7)*(-41)/1 is divided by 182?
5
Let g(p) = 5*p**2 + 338*p - 89. What is the remainder when g(-72) is divided by 88?
87
Let d(q) = -25*q**3 + q**2 + 5*q - 6. Let i be d(-2). Suppose 0 = -54*r + 50*r + i. Calculate the remainder when 139 is divided by r.
45
Suppose 19*d = -11*d - 298 + 778. Calculate the remainder when 15374 is divided by d.
14
Let o be (632/6)/(4/48). Suppose -29*v + o = -13*v. What is the remainder when v is divided by 21?
16
Suppose 0 = -r + 44 - 2. Let m be 280/r - 2*3/9. Calculate the remainder when (16/(-6))/(m/(-135)) is divided by 33.
27
Suppose -2*u + 9*u = 245. Suppose -29*l + u*l = 1014. What is the remainder when l is divided by 25?
19
Let r(j) = -j**2 - 6*j - 6. Let t be r(-4). Suppose -t*y + 17 = 7. Suppose y*o + 5*m - 84 = 111, -2*o = 3*m - 79. What is the remainder when 75 is divided by o?
37
Let a = 3466 - 3435. Calculate the remainder when 774 is divided by a.
30
Let s be 1/3*0 + -1 + 526. Let v = s - 346. Let l = 302 - v. Calculate the remainder when l is divided by 63.
60
Suppose -96*k + 3672 = 984. What is the remainder when 1384 is divided by k?
12
Let j(i) = -i**3 - 15*i**2 - 22*i + 22. Let s be j(-13). Let n = s - -48. Calculate the remainder when n is divided by 16.
2
Let j = -317 - -399. Suppose 2*v = -2*n - 2, 2*v + 3 - 1 = 2*n. Suppose -5*p + z + j = n, p - 91 = -4*p - 2*z. Calculate the remainder when 82 is divided by p.
14
Let k(v) = v**2 - 21*v + 53. Calculate the remainder when 205 is divided by k(21).
46
Let s = 47 - 32. Let d(p) = 2*p - 13 + 2 + p + 0*p. What is the remainder when d(s) is divided by 18?
16
Let h be ((-12)/18)/((-4)/162). Let y be 4/(-36) + 4377/h. Suppose 0 = 167*z - y*z - 790. What is the remainder when z is divided by 40?
38
Let z(x) = x**2 - 6*x + 6. Let l be z(5). Let p(w) = 55*w + 5883 - 5886 - 6*w. Calculate the remainder when p(l) is divided by 24.
22
Suppose -4*t = 3*p + 60, 2*t - 15*p + 14*p = -40. Calculate the remainder when 53 is divided by 3*7/((-42)/t).
8
Suppose 18*w - 31554 = 50706. What is the remainder when w is divided by 36?
34
Suppose -2*v = -4*m + 510, 508 = 189*m - 185*m - 4*v. Calculate the remainder when 440 is divided by m.
56
Let s = -3213 - -3237. Calculate the remainder when 149 is divided by s.
5
Let m(x) = -52 - 20*x - x**2 - 6*x**2 + 22*x**2 - 14*x**2. Calculate the remainder when m(27) is divided by 35.
32
Let i(q) = 3*q**2 - 3*q - 1. Suppose 2040 = -42*o + 45*o. Suppose -6*k + k = -g - o, k - 112 = 5*g. Calculate the remainder when k is divided by i(4).
32
Suppose 2*x + 1334 - 200 = -2*v, -1128 = 2*x + 4*v. What is the remainder when -3 + -3 + x/(-10) is divided by 23?
5
Let m(g) = 2*g**3 - 268*g**2 + 276*g - 1223. What is the remainder when m(133) is divided by ((-22)/(-8))/(2/40)?
52
Let a = 594 - 507. Calculate the remainder when 195 is divided by a.
21
Suppose -23*y = -25*y + 2. Let f be 4/(-2) - -112 - (1 - y). Suppose 165 = 5*b - f. Calculate the remainder when b is divided by 14.
13
Suppose -5*z - 3*j = -32, -4*j + 20 = z - 0*j. Suppose 18*o = -z*o + 330. What is the remainder when 26 is divided by o?
11
Let u(b) = 3*b + 34. Let n be u(-12). What is the remainder when (154/33)/((-94)/48 - n) is divided by 26?
8
Suppose -3*p + 14 = r + 4, -3*p + 4 = -5*r. Suppose 3*w + 2*c = 437, -455 = -p*w - 3*c - 20. What is the remainder when w is divided by 26?
17
Let g = -3043 - -3655. What is the remainder when g is divided by 29?
3
Let n(i) = 41*i**2 + 142*i - 269. Calculate the remainder when n(6) is divided by 30.
19
Suppose 2*k - 90 = -2*c, -2*k + 93 = c + 2. Suppose -k = -2*w - 0*w. Let b = 287 + -222. Calculate the remainder when b is divided by w.
19
Let b = -35 + 44. Suppose 0 = -4*l + l + b, k - 2*l = 45. What is the remainder when k is divided by 4?
3
Let p = 306803 + -306789. Let d(w) = 7*w + 8. Calculate the remainder when d(6) is divided by p.
8
Let b(k) = 3*k**2 - 2*k - 3. Suppose -2*i - 52 = 14. What is the remainder when b(-2) is divided by (132/i)/((1*-2)/2)?
1
Let x = -75 - -139. Let q = 2070 - 1688. What is the remainder when q is divided by x?
62
Suppose 0 = 4*p - 6*h - 49 - 75, p = 5*h + 31. What is the remainder when 15034 is divided by p?
30
Let z = 327 - 218. Let f = z - 24. What is the remainder when f is divided by (-174)/(-8) - 1/(-4)?
19
Let d(r) = 13*r**3 - 7*r**2 + 4*r + 2. Let w be d(1). What is the remainder when (-786)/(-9)*(5 - 42/w) is divided by 11?
10
Let m(r) = -35*r + 26. What is the remainder when 1143 is divided by m(0)?
25
Let r = -69 + 73. Let y be 11 + -6 + r + (-4)/(-1). Suppose y + 4 = v. Calculate the remainder when 64 is divided by v.
13
Let s(t) = 4*t + t + 16*t - 1 - 12. Let r(k) = 85*k - 52. Let f(j) = -2*r(j) + 9*s(j). What is the remainder when 123 is divided by f(2)?
23
What is the remainder when 177 is divided by (-1 - 62/6)/(2/(-3))?
7
Suppose -q = -v + 2, -v - 4*q = -3 - 4. Suppose 16*r - 5*r = -v*r. Suppose r*k + 55 = 2*i + k, 2*i + 3*k = 45. What is the remainder when 87 is divided by i?
27
Suppose 168*q - 172*q - 1506 = -2*z, 0 = -z + q + 754. What is the remainder when z is divided by 257?
241
Let p = -16845 - -16861. Let v(w) = 166*w**3 + 2*w**2 - w. Let o be v(1). Suppose 0 = -4*d + o + 73. Calculate the remainder when d is divided by p.
12
Let l = -10928 + 11893. Calculate the remainder when l is divided by 479.
7
Suppose 3*w = -l + 43, -275*w + 271*w = -3*l - 27. Let t(d) = d + 2. Calculate the remainder when w is divided by t(2).
0
Suppose -12*n + 105 = -5*n. Let v(f) = 16*f**2 + 72 - 6*f**2 + f**3 - n*f - 83. Calculate the remainder when 98 is divided by v(-11).
32
Let l = 68 + -38. Let c(d) = 11*d**2 - 5*d - 4. Let b be c(1). Suppose -24 = -4*p + 3*j - 0*j, 2*p - b = 4*j. What is the remainder when l is divided by p?
3
Let z(m) = -4*m**2 - 13*m + 11. Let n be z(-7). Let v = n - -129. Calculate the remainder when v is divided by 9.
8
Let d = 153 - 127. Let f = -178 - -224. Calculate the remainder when f is divided by d.
20
Suppose 4*b - 352 = -2*a, -8*b = 4*a - 6*b - 662. Calculate the remainder when 2751 is divided by a.
159
Calculate the remainder when 8037 is divided by (-20)/(-1) + (-328)/(-82).
21
Let n(p) = 3*p**2 - 8*p + 73. Let k be n(9). Let z = k + -215. What is the remainder when 142 is divided by z?
26
Suppose 2*l - 5*z - 38 = 71, 0 = 2*l - z - 105. Let t = -20 + l. Let n(d) = -d**3 + 131*d**2 + 263*d + 424. Calculate the remainder when t is divided by n(133).
7
Suppose 0 = 4*v - 3*w - 1 - 11, -4*v - 4*w = 16. Su